368638 a prime number?
False
Is 7653349579 prime?
False
Is 57727689563 a composite number?
False
Is 170374703 a composite number?
False
Is 21012149227 a prime number?
True
Is 148329833 a prime number?
False
Is 78115368451 a prime number?
True
Is 1841277419 composite?
False
Is 3141283157 composite?
False
Is 5702516643 composite?
True
Is 14640675011 prime?
False
Is 71640917857 composite?
True
Is 6136990043 prime?
True
Is 10782499451 a prime number?
False
Is 3922730491 a composite number?
True
Is 106191341 a composite number?
False
Is 6090227369 prime?
False
Is 19113597781 composite?
False
Is 3965169683 a prime number?
True
Is 1777874534 a composite number?
True
Is 28940167 a prime number?
True
Is 504574111 a prime number?
False
Is 388644653 prime?
False
Is 16055466809 a prime number?
True
Is 511498513 prime?
True
Is 69651209 prime?
True
Is 542518337 prime?
True
Is 484784473 a prime number?
False
Is 3167835863 prime?
True
Is 8503471411 a prime number?
True
Is 296734549 a prime number?
False
Is 7313968462 composite?
True
Is 43137503 composite?
False
Is 245230261 composite?
False
Is 66325157 a prime number?
False
Is 7208618887 prime?
True
Is 125578498055 composite?
True
Is 8316915911 composite?
False
Is 2516708913 a composite number?
True
Is 58809436369 a prime number?
True
Is 18356337898 prime?
False
Is 11974418501 a composite number?
False
Is 39212580454 composite?
True
Is 6230161589 a composite number?
False
Is 11546348423 a composite number?
True
Is 3414650893 a prime number?
True
Is 746236087 prime?
True
Is 5863141595 prime?
False
Is 1246861393 a composite number?
True
Is 237364943 composite?
True
Is 11668947163 a composite number?
True
Is 12543472727 a composite number?
True
Is 1636478071 a composite number?
True
Is 2430649733 composite?
False
Is 4801358753 composite?
True
Is 36597132983 a composite number?
False
Is 377429293 prime?
True
Is 1922418989 prime?
True
Is 1530301049 prime?
True
Is 8145253439 composite?
False
Is 127533191 composite?
True
Is 4407488707 prime?
False
Is 18527210927 prime?
False
Is 9819361523 prime?
True
Is 670544801 composite?
True
Is 818783009 a prime number?
False
Is 1317316421 a composite number?
True
Is 53946302933 prime?
False
Is 1486095505 prime?
False
Is 22428755539 a prime number?
False
Is 21000069913 prime?
False
Is 1226623303 composite?
True
Is 523113307 a composite number?
True
Is 76805511 a composite number?
True
Is 609850613 a prime number?
False
Is 2942986747 prime?
True
Is 2701874381 composite?
False
Is 36141017977 composite?
True
Is 983767253 a composite number?
True
Is 837063883 a composite number?
False
Is 680298013 a prime number?
False
Is 4050212893 a composite number?
False
Is 6130134253 a composite number?
True
Is 3161599793 composite?
True
Is 3119179811 prime?
False
Is 1841669507 prime?
False
Is 1541900993 a prime number?
True
Is 286728581 a composite number?
True
Is 8018501329 a composite number?
True
Is 7036959481 composite?
True
Is 95587201 a prime number?
True
Is 132727989973 a prime number?
True
Is 35279697137 prime?
False
Is 23259050587 a prime number?
False
Is 482668379 a composite number?
True
Is 687329023 a prime number?
False
Is 41707488287 composite?
False
Is 20955415099 composite?
True
Is 414385477 composite?
True
Is 19841094359 prime?
False
Is 41336624089 a composite number?
True
Is 10918742869 a composite number?
True
Is 40157063 prime?
True
Is 16316112277 a prime number?
True
Is 55788449797 a prime number?
True
Is 42246323 a prime number?
False
Is 3732257461 a prime number?
False
Is 16789109 a prime number?
False
Is 352845583 composite?
False
Is 146029983083 a prime number?
False
Is 67475831 a composite number?
False
Is 1590477443 composite?
True
Is 16142539801 a composite number?
False
Is 712552691 prime?
True
Is 4449458558 prime?
False
Is 7978771 a composite number?
False
Is 4362889927 composite?
True
Is 274737859 composite?
True
Is 249404739007 prime?
False
Is 682789421 prime?
True
Is 8886361597 composite?
True
Is 9489121781 a composite number?
True
Is 8675436611 a composite number?
True
Is 9256910267 a prime number?
False
Is 1806292609 a prime number?
False
Is 166204231 composite?
True
Is 4335026219 prime?
False
Is 512407706969 a prime number?
False
Is 144118565 composite?
True
Is 981994135 a composite number?
True
Is 2600834113 a prime number?
False
Is 128346416897 a prime number?
True
Is 13963553111 composite?
False
Is 307316299 a composite number?
True
Is 1143389783 a composite number?
False
Is 1275210557 a composite number?
True
Is 12521222957 a composite number?
False
Is 1395437361 a composite number?
True
Is 11731456067 prime?
False
Is 4097371591 a composite number?
False
Is 2036717101 a composite number?
True
Is 6049557601 composite?
False
Is 473689457 prime?
True
Is 271573987 a composite number?
False
Is 853761803 a prime number?
True
Is 862364103 prime?
False
Is 61722027487 a prime number?
False
Is 1141005241 prime?
True
Is 69260313389 a prime number?
True
Is 35257514671 a composite number?
False
Is 33558461759 prime?
True
Is 1742972167 a composite number?
False
Is 1940707903 prime?
False
Is 1135120582 a composite number?
True
Is 26425409447 a composite number?
False
Is 103271317441 composite?
True
Is 7305682565 a composite number?
True
Is 9124888837 a prime number?
False
Is 9041588581 prime?
False
Is 70258559439 composite?
True
Is 1291460071 a prime number?
False
Is 1031942371 a prime number?
True
Is 10026971 composite?
False
Is 46093531697 a prime number?
False
Is 566402762 a composite number?
True
Is 188187061 composite?
True
Is 333695751 a composite number?
True
Is 94418199331 a prime number?
False
Is 3212221699 a composite number?
True
Is 627710711 a prime number?
True
Is 836364707 a prime number?
False
Is 9124265777 a prime number?
False
Is 3101185759 composite?
True
Is 11295128981 prime?
True
Is 930170119 a prime number?
False
Is 259812481 a prime number?
False
Is 379423537 composite?
True
Is 1051827027817 a composite number?
False
Is 686690957 a composite number?
False
Is 1301694217 composite?
True
Is 433451153 a composite number?
False
Is 270672359 prime?
True
Is 2143936303 prime?
True
Is 81789961 prime?
False
Is 508947977 a prime number?
False
Is 568571729 prime?
False
Is 1137005347 a prime number?
False
Is 10778239787 a composite number?
True
Is 38883384341 a composite number?
True
Is 327355679 a composite number?
True
Is 2372792957 a prime number?
True
Is 326018383 a composite number?
False
Is 960879823 a composite number?
True
Is 27836779393 prime?
False
Is 2723105233 prime?
True
Is 1158875453 composite?
False
Is 49205743247 a composite number?
False
Is 10822662707 a composite number?
False
Is 151726733 prime?
True
Is 84751879211 a prime number?
False
Is 1863848303 composite?
False
Is 3507303623 composite?
True
Is 37596608221 a prime number?
False
Is 401604227 composite?
True
Is 5277682037 a prime number?
True
Is 48387148207 composite?
True
Is 50100527 a prime number?
True
Is 3041837881 prime?
True
Is 21221317041 composite?
True
Is 261700214603 a composite number?
False
Is 1738707681 prime?
False
Is 18987296347 a prime number?
True
Is 842795573 a composite number?
False
Is 2815609085 prime?
False
Is 76699380281 composite?
True
Is 82620843 prime?
False
Is 3416511019 prime?
False
Is 4507115143 prime?
False
Is 677053219 prime?
False
Is 640584281 prime?
True
Is 13765973 composite?
True
Is 9412433269 prime?
False
Is 47063672177 a prime number?
False
Is 20397719 composite?
False
Is 553739567 composite?
False
Is 82556116553 a prime number?
False
Is 4367324989 a prime number?
False
Is 2260069599 prime?
False
Is 4571406341 prime?
True
Is 169647696371 composite?
False
Is 347261753 prime?
False
Is 53160517 a composite number?
True
Is 183785951 a composite number?
True
Is 23619028943 prime?
True
Is 4241475523 a prime number?
False
Is 4109999227 a prime number?
True
Is 3441926869 prime?
False
Is 6917473397 a composite number?
False
Is 16335861317 a composite number?
False
Is 184000816253 prime?
False
Is 4493460859 composite?
True
Is 1493331793 a prime number?
False
Is 6243707123 prime?
True
Is 2395291391 composite?
True
Is 2475974147 a composite number?
True
Is 45554347939 prime?
True
Is 68767341673 prime?
True
Is 297034169 composite?
True
Is 233300447 composite?
